{"id":16,"date":"2024-03-30T12:01:04","date_gmt":"2024-03-30T12:01:04","guid":{"rendered":"https:\/\/2024.pms-design.ch\/?page_id=16"},"modified":"2024-03-30T12:01:04","modified_gmt":"2024-03-30T12:01:04","slug":"ueber-mich","status":"publish","type":"page","link":"https:\/\/2024.pms-design.ch\/index.php\/ueber-mich\/","title":{"rendered":"\u00dcber mich"},"content":{"rendered":"\n<p><strong>Know-how<\/strong>&nbsp;Ich freue mich darauf, Ihre W\u00fcnsche kreativ umzusetzen, denn bereits seit Beginn meiner beruflichen Laufbahn \u2013 der Lehre bei der damaligen Werbeagentur Sulzer, Sutter \u2013 schl\u00e4gt mein Herz f\u00fcr die Werbung. Dann folgen Unternehmen, bei denen ich f\u00fcr die Gestaltung und die Produktion der unterschiedlichsten Werbemassnahmen t\u00e4tig bin. Auch die Abwicklung der gesamten Produktion sowie die Organisation und Koordination der dazugeh\u00f6rigen Promotionsmassnahmen z\u00e4hlen zu meinem Fachgebiet.&nbsp;Gerne berate ich Sie auf unkomplizierte Art und Weise und finde zusammen mit Ihnen die f\u00fcr Sie massgeschneiderte L\u00f6sung.&nbsp;<strong>Engagements<\/strong>&nbsp;Privat engagiere ich mich f\u00fcr verschiedene Vereine. So stehe ich \u00fcber 25 Jahren bei der&nbsp;<a href=\"http:\/\/www.theater-aesch.ch\/\" target=\"_blank\" rel=\"noreferrer noopener\">Theatergruppe Aesch<\/a>&nbsp;auf der B\u00fchne. Seit&nbsp;20 Jahren gestalte ich auch das Programmheft und bin im Vereinsvorstand aktiv.&nbsp;F\u00fcr den Verein&nbsp;<a href=\"http:\/\/www.tee-classics.ch\/\" target=\"_blank\" rel=\"noreferrer noopener\">TEE-CLASSICS<\/a>&nbsp;produzierte ich im Jahre 2008 in Eigenregie (Recherche, Drehbuch, Interviews, Schnitt, Postproduktion, DVD-Cover) den 80-min\u00fctigen Dokumentarfilm \u00abDer Einsatz der TEE-Dieseltriebz\u00fcge der NS und SBB\u00bb. W\u00e4hrend 12 Jahren trug ausserdem das Layout der Vereinszeitschrift meine Handschrift.&nbsp;Ein weiteres Engagement gilt dem&nbsp;<a href=\"https:\/\/circus-biber.ch\/\" target=\"_blank\" rel=\"noreferrer noopener\">Jugend Circus Biber<\/a>. Dieser erm\u00f6glicht jungen Talenten w\u00e4hrend der Grundschul-Zeit sich in einem kreativen Umfeld k\u00fcnstlerisch zu entfalten und ihr K\u00f6nnen einem breiten Publikum zu pr\u00e4sentieren. Hier bringe ich mich jedoch nicht mit meinem beruflichen Fachgebiet ein, sondern bin f\u00fcr die Bar verantwortlich.&nbsp;&nbsp;Seit 2023 darf ich zudem f\u00fcr die&nbsp;<a href=\"http:\/\/www.kultur-aesch-zh.ch\/\" target=\"_blank\" rel=\"noreferrer noopener\">Kulturkommission Aesch ZH<\/a>&nbsp;\u2013 neben der Gestaltung der Kommunikationsmittel \u2013 auch humorvolle B\u00fchnenproduktionen ins Dorf bringen und deren Veranstaltung organisieren.<\/p>\n","protected":false},"excerpt":{"rendered":"<p>Know-how&nbsp;Ich freue mich darauf, Ihre W\u00fcnsche kreativ umzusetzen, denn bereits seit Beginn meiner beruflichen Laufbahn \u2013 der Lehre bei der damaligen Werbeagentur Sulzer, Sutter \u2013 schl\u00e4gt mein Herz f\u00fcr die Werbung. Dann folgen Unternehmen, bei denen ich f\u00fcr die Gestaltung und die Produktion der unterschiedlichsten Werbemassnahmen t\u00e4tig bin. Auch die Abwicklung der gesamten Produktion sowie [&hellip;]<\/p>\n","protected":false},"author":1,"featured_media":0,"parent":0,"menu_order":0,"comment_status":"closed","ping_status":"closed","template":"","meta":{"footnotes":""},"class_list":["post-16","page","type-page","status-publish","hentry","entry"],"_links":{"self":[{"href":"https:\/\/2024.pms-design.ch\/index.php\/wp-json\/wp\/v2\/pages\/16","targetHints":{"allow":["GET"]}}],"collection":[{"href":"https:\/\/2024.pms-design.ch\/index.php\/wp-json\/wp\/v2\/pages"}],"about":[{"href":"https:\/\/2024.pms-design.ch\/index.php\/wp-json\/wp\/v2\/types\/page"}],"author":[{"embeddable":true,"href":"https:\/\/2024.pms-design.ch\/index.php\/wp-json\/wp\/v2\/users\/1"}],"replies":[{"embeddable":true,"href":"https:\/\/2024.pms-design.ch\/index.php\/wp-json\/wp\/v2\/comments?post=16"}],"version-history":[{"count":1,"href":"https:\/\/2024.pms-design.ch\/index.php\/wp-json\/wp\/v2\/pages\/16\/revisions"}],"predecessor-version":[{"id":17,"href":"https:\/\/2024.pms-design.ch\/index.php\/wp-json\/wp\/v2\/pages\/16\/revisions\/17"}],"wp:attachment":[{"href":"https:\/\/2024.pms-design.ch\/index.php\/wp-json\/wp\/v2\/media?parent=16"}],"curies":[{"name":"wp","href":"https:\/\/api.w.org\/{rel}","templated":true}]}}